0*h + f = 4*h. Calculate the remainder when 23 is divided by h.
10
Suppose 3*n + 0*p + 2*p - 19 = 0, -13 = -n + p. Suppose -28*k = -24*k + 184. Let t = 80 + k. What is the remainder when t is divided by n?
7
Suppose v - 4 = 1, -10 = 5*w - 4*v. Suppose -w*a = -3 + 1. Calculate the remainder when 25 is divided by (14/10)/(a/5).
4
Let r(q) = q**3 + 10*q**2 - 2*q - 9. Let s(c) = c**3 - 5 - 12*c**2 - 5*c + 4*c**2 + 6*c**2 + 9. What is the remainder when s(5) is divided by r(-10)?
10
Suppose 3*k = -0*k - 3*x - 9, x + 4 = 0. Let j(w) = w**3 + 4*w**2 - 7*w - 12. Let q be j(-5). Calculate the remainder when ((-15)/10)/(q/4) is divided by k.
0
Suppose -1356 + 109 = -29*m. What is the remainder when 212 is divided by m?
40
Calculate the remainder when 156 is divided by 10/1 - (53 + -70).
21
Let n(o) = o**2 + o + 16. Let b be n(0). Suppose 0 = -3*p + 4*f + 28, b = -p + 3*p - 2*f. What is the remainder when 15 is divided by p?
3
Let i(w) = 6*w**2 - w - 1. Let n(j) = 3*j**2. Let h(t) = -2*i(t) + 5*n(t). Let f be h(4). Suppose -5*p + 92 = -f. What is the remainder when p is divided by 11?
8
Let f be ((-3)/9)/((-5)/(-15)). What is the remainder when 2*(f/2 + (-144)/(-9)) is divided by 7?
3
Suppose -5*x = 4*d - 68, 2*d - d + 5*x - 2 = 0. Let w = -16 + d. What is the remainder when 57 is divided by w?
3
Let k = -629 + 658. Calculate the remainder when k is divided by 11.
7
Suppose 2*b - 2 = -106. Let a = b - -66. Calculate the remainder when a is divided by 8.
6
Let b(w) = -w**2 + 22*w - 55. Calculate the remainder when b(16) is divided by 9.
5
Let x(t) = 3*t - 3. Let b be (-10)/8*(3 - 7). Suppose 5*v + 924 = 26*v. What is the remainder when v is divided by x(b)?
8
Suppose 5*q = -4*d + 17, d + q + 0 = 3. What is the remainder when -3 - (-1)/(d/(-252)) is divided by 21?
18
Let w(s) = -20*s**3 - 2*s**2 - 15*s - 14. What is the remainder when w(-1) is divided by 14?
5
Suppose -j - 2*f + 30 = 0, 4*j - 194 = -j + f. Let g = j - 31. What is the remainder when g is divided by 4?
3
Suppose u + 8 = 4*o - 3*u, 5*o + 4*u = -8. Suppose 0*l + 4*l + 3*k = 252, o = -k + 4. Suppose -4*q = q - l. What is the remainder when 35 is divided by q?
11
Suppose 0*m - 5*m - 55 = 0. Let s = m - -31. What is the remainder when s is divided by 4?
0
What is the remainder when -1 + 1*4 - (-164 + 139) is divided by 18?
10
Let h = 1115 + -1087. Suppose 5*q = -0*q + 50. What is the remainder when h is divided by q?
8
Suppose 0 = 5*o - 3*s - 74, 2*o = -2*s + 7*s + 41. Let p = -11 + 11. What is the remainder when 54 + p + (-1 - 2) is divided by o?
12
Let w(x) = x**3 + 10*x**2 + 3*x - 5. Let v be w(-9). Let o = -16 + v. Calculate the remainder when o is divided by 12.
9
Let d = 36 + 227. What is the remainder when d is divided by 33?
32
Let m = -9 - -9. Suppose -2*c - 22 - 10 = m. Let v = -6 - c. What is the remainder when 36 is divided by v?
6
Let c = -226 + 384. Suppose 0 = -3303*s + 3299*s + 216. What is the remainder when c is divided by s?
50
Suppose 22*z - 46 - 64 = 0. Suppose p + 3 = -1, 0 = 4*s + 2*p - 44. What is the remainder when s is divided by z?
3
Let z = -21 - -23. Suppose 0 = -3*d + c + c + 31, d - z = -c. What is the remainder when d is divided by 3?
1
Suppose -4*t + q = -245, 246 = 4*t - 5*q + 13. What is the remainder when 185 is divided by t?
61
What is the remainder when (0 + (-90)/(-40))*88 is divided by 50?
48
Let j(b) = 4*b - 2. Let m be j(1). Suppose -224 = -m*l - 5*l. Calculate the remainder when 127 is divided by l.
31
Let p be 18/(-12)*(-3)/((-9)/4). Suppose -3*x - 9 = -3*h, -21 = -5*h + 3*x - 0. What is the remainder when h is divided by (5/p)/((-15)/12)?
0
Let b = 288 - -671. What is the remainder when b is divided by 13?
10
Suppose -48*t + 1053 = -915. What is the remainder when t is divided by 25?
16
Let s be (40 - -3)*3/(-3). Let r = -28 - s. What is the remainder when (-3 + -69)*1/(-1) is divided by r?
12
Let v = 70 + -42. Let g(c) = -c**2 + 14*c + 42. What is the remainder when v is divided by g(16)?
8
Let g(b) = -b - 6. Let d(h) = 5*h + 31. Let n(a) = 2*d(a) + 11*g(a). What is the remainder when n(-9) is divided by 3?
2
Suppose -2*x - 4*b - 116 = -324, -4*x + 4*b + 464 = 0. Calculate the remainder when x is divided by 2.
0
Suppose -3*m + s = -32, 0 = -3*m + 6*m - 2*s - 34. Calculate the remainder when 49 is divided by m.
9
Suppose -g + 21 = -3*a, -2*g - a = -5*a - 40. Calculate the remainder when 15 is divided by (3 + -2)/1*(g + -7).
4
Let c(j) = -3*j**3 + j**2 + j. Let p be c(1). What is the remainder when 11 is divided by p - (2 + -4) - -5?
5
What is the remainder when (0 - -1)*(-2947)/(-4 + -3) is divided by 47?
45
Let u(w) = w + 4. What is the remainder when u(7) is divided by 69/15 - (-4)/10?
1
Let m(i) = -3*i**2 - 9*i + 4. Let x be m(-3). Suppose x*b - 24 = 40. Calculate the remainder when 31 - (2/1 - 2) is divided by b.
15
Let d be -3 - 0 - (-14)/2. Suppose -4*a = d*a - 344. Calculate the remainder when a is divided by ((-2)/(-4))/(2/44).
10
Suppose -1325 = -5*v - 860. Calculate the remainder when v is divided by 29.
6
Calculate the remainder when 233 + -1 - (32 + -31) is divided by 39.
36
Suppose -7*x - 152 = -215. Let m(h) = 4*h**2 + h - 1. Let i = 3 + -2. What is the remainder when x is divided by m(i)?
1
Let m = 31 - 14. Let x be (7/((-7)/(-193)))/(-1). Let b = 203 + x. What is the remainder when m is divided by b?
7
Let z = 7 - -9. Suppose -2*b - z = -0*b. What is the remainder when 1638/24 + 2/b is divided by 23?
22
Let t = -23 - -48. Let g = -8590 - -8599. Calculate the remainder when t is divided by g.
7
Let d(j) = -4*j - 8. Let b be d(-2). Calculate the remainder when (48/(-14))/(3/(-21)) + b is divided by 7.
3
Suppose 0 = -98*u + 91*u + 224. Calculate the remainder when u is divided by 18.
14
Suppose -2 = -2*h + 2. Suppose -z + h = -60. What is the remainder when z is divided by 21?
20
Suppose 0 = 22*o - 492 - 3094. Calculate the remainder when o is divided by 29.
18
Suppose 2*p + 12 + 2 = 5*v, 5*v + 4*p - 2 = 0. Calculate the remainder when 1152/(-384)*(-2 - (-1)/3) is divided by v.
1
Suppose 18 = 3*d - 3*z + 5*z, 2*d - 12 = z. What is the remainder when 98 is divided by (-3)/d + (-123)/(-6)?
18
Let f(r) = -r + 62. What is the remainder when f(16) is divided by 7?
4
Let p = -26 - -21. What is the remainder when (-1 - p) + 23*1 is divided by 7?
6
Let l be 246/(-15)*(-10)/4. Suppose -l - 182 = -o. Suppose 5*i - 152 = o. What is the remainder when i is divided by 20?
15
Suppose 4*q - 22 = -5*n, 2*n + 0*q = 5*q + 22. Suppose -15 = a - n*a. Calculate the remainder when ((-22)/4)/((-2)/4) is divided by a.
2
Suppose 3*r = -252 - 96. What is the remainder when 3*r/(-12) - -3 is divided by 11?
10
Suppose b + 3*b = 0. Suppose -2*g + 7 - 1 = b. Calculate the remainder when 3 is divided by (20/8 - g)*-2.
0
Suppose 2*n = -w + 39, 8*n - 3*n + w = 90. Suppose 7 = 2*x - o, 3*x = o - 5*o - n. Let f(m) = 15*m + 1. Calculate the remainder when 47 is divided by f(x).
15
Calculate the remainder when 385 is divided by ((-1)/3)/(145/(-1305)).
1
Let q = -39 + 39. Calculate the remainder when (-1 - q)*19*-1 is divided by 4.
3
Let t = 9 + -3. Let a = 5206 + -5165. What is the remainder when a is divided by t?
5
Suppose -5*i + 13 = -3*j - 122, 2*j + 110 = 4*i. Suppose -i = -4*a + 70. Suppose -p - p = 5*r - a, 16 = 2*r + 2*p. What is the remainder when r is divided by 1?
0
Suppose 7*h - 120 = -50. Calculate the remainder when 28 is divided by h.
8
Let h(f) = -20*f**3 + f**2 + 3*f + 3. Let v(u) = -1. Let b(q) = h(q) + 2*v(q). Calculate the remainder when 56 is divided by b(-1).
18
Suppose 0 = -i + 1, 5*a + 2*i + 140 = 497. Calculate the remainder when 140 is divided by a.
69
Suppose 0*h - 4*h = 5*b - 76, 66 = 5*h - b. What is the remainder when h is divided by 8*4*(-1)/(-4)?
6
Suppose 4*t = -0*v - 4*v + 12, 5*t - 2*v + 13 = 0. What is the remainder when 11 is divided by ((-6)/(-7))/(t/(-7))?
5
Let v = 218 - 444. Let q = 255 + v. Suppose -f + 228 = 3*f. What is the remainder when f is divided by q?
28
Suppose -3*l - 156 = -16*l. What is the remainder when 99 is divided by l?
3
Let i be 5/((-20)/16) - -11. Let p(q) = q**2 - 4*q + 7. What is the remainder when p(i) is divided by 10?
8
Let t(u) = -u**3 + 12*u**2 + 15*u - 19. Let d be t(13). Suppose -d*c = -6*c - 15. What 